02
In base 4, what is -33111020 - 10?
-33111030
In base 14, what is -5 - -8a7d4?
8a7cd
In base 3, what is -122211 + -22121?
-222102
In base 6, what is -144 + -15115?
-15303
In base 7, what is 3 - 3360?
-3354
In base 13, what is 2c - -45a?
489
In base 9, what is 63218 - -33?
63252
In base 7, what is 1404 - 366?
1005
In base 5, what is 124 - 1312?
-1133
In base 16, what is -4bcf + -2?
-4bd1
In base 2, what is 101 + -1100110111000?
-1100110110011
In base 6, what is -15 - 102403?
-102422
In base 13, what is 7 + -a190?
-a186
In base 13, what is 3 - 674?
-671
In base 5, what is 130302 - 1430?
123322
In base 11, what is 221 - -420?
641
In base 10, what is -11939 - 29?
-11968
In base 3, what is 110 - -1000122?
1001002
In base 15, what is -126 - -a8?
-6d
In base 16, what is -511d + 4?
-5119
In base 11, what is -3aa829 - 2?
-3aa830
In base 14, what is -7122 - 2?
-7124
In base 7, what is -4 + 100524?
100520
In base 10, what is -3044 - -1172?
-1872
In base 16, what is -3 + 12ff2e?
12ff2b
In base 2, what is 1010011100001 + -1101?
1010011010100
In base 6, what is -1003441142 - -5?
-1003441133
In base 15, what is -15354 - -6?
-1534d
In base 7, what is -2 - 150252?
-150254
In base 2, what is -111011 - 1010000100?
-1010111111
In base 3, what is -1 + -222111120?
-222111121
In base 2, what is -110010111011 - 11101010?
-110110100101
In base 10, what is 3826 + -60?
3766
In base 15, what is -4 - 23a63?
-23a67
In base 9, what is -175672 - 2?
-175674
In base 13, what is -1bcb0 - -2?
-1bcab
In base 12, what is -63139 + -25?
-63162
In base 16, what is 21fb + -5?
21f6
In base 16, what is -2660 - 14?
-2674
In base 8, what is 112 + -146?
-34
In base 4, what is 21023330231 - 0?
21023330231
In base 13, what is -10ab - -2?
-10a9
In base 9, what is 66 - 237?
-161
In base 10, what is 81 + -2854?
-2773
In base 9, what is -1 - -64777?
64776
In base 11, what is -925a3 + -61?
-92654
In base 16, what is -f47f5 - -5?
-f47f0
In base 9, what is -3365 + -24?
-3400
In base 10, what is 760 - -28?
788
In base 8, what is -50 + -2065?
-2135
In base 6, what is 2 - 1042352?
-1042350
In base 9, what is 15 - -2364?
2380
In base 14, what is 4954 - 99?
4899
In base 7, what is 65 + 3651?
4046
In base 5, what is -4 - -122023342?
122023333
In base 11, what is -8a + 35a?
280
In base 10, what is -5 - -107678?
107673
In base 4, what is 203011 - 131?
202220
In base 13, what is -4a98 - -3c?
-4a59
In base 2, what is -100100 + -110000000011?
-110000100111
In base 12, what is -50 + -8b9?
-949
In base 5, what is -1230 - 1012?
-2242
In base 11, what is 286 + -757?
-481
In base 5, what is 1311430 - 30?
1311400
In base 7, what is -5 + -1131146?
-1131154
In base 9, what is -61733 - -3?
-61730
In base 3, what is -1110001011 + -122?
-1110001210
In base 11, what is -2 - -1176?
1174
In base 12, what is -86 + -1a257?
-1a321
In base 10, what is 9636 + 7?
9643
In base 12, what is a + a8b98?
a8ba6
In base 8, what is -4144 + 334?
-3610
In base 3, what is -10 - 2100202120?
-2100202200
In base 14, what is -191 + bb?
-b4
In base 14, what is 3 - -8d257?
8d25a
In base 8, what is -24651 + 15?
-24634
In base 4, what is -21300 - 1003?
-22303
In base 6, what is -3004 - -1503?
-1101
In base 5, what is 43 + 231222?
231320
In base 13, what is -5 - 20439a?
-2043a2
In base 16, what is -4 - -35cad?
35ca9
In base 3, what is -20021 + -1122001020?
-1122021111
In base 15, what is 22c1 - 33?
228d
In base 16, what is -1c + 115?
f9
In base 12, what is -542782 + 2?
-542780
In base 4, what is -2 - 113321?
-113323
In base 13, what is -c05 - 5?
-c0a
In base 8, what is -1 - 20772?
-20773
In base 15, what is 1aa8 + -8?
1aa0
In base 2, what is 1100100110000110 + 1?
1100100110000111
In base 4, what is 0 - 3200333?
-3200333
In base 11, what is -57 - -2a1?
245
In base 13, what is 36 + 81c?
855
In base 2, what is 101 - 101110111000101110?
-101110111000101001
In base 5, what is 41024 + -143?
40331
In base 5, what is 10240 - -1411?
12201
In base 12, what is -7 + -14373b?
-143746
In base 4, what is -1223200123 + 1?
-1223200122
In base 13, what is -28713 - 8?
-2871b
In base 2, what is 101 + -1110110100010111?
-1110110100010010
In base 15, what is 56b5 + 4?
56b9
In base 3, what is -1101112111210 - -2?
-1101112111201
In base 2, what is 1111101010 + -10010110?
1101010100
In base 4, what is 113322 - 112?
113210
In base 15, what is -4 + -4c1d?
-4c22
In base 6, what is -25025 - 20?
-25045
In base 7, what is -4 - 3361?
-3365
In base 15, what is 5 + -e26c?
-e267
In base 7, what is 24 + -52265?
-52241
In base 10, what is -1228 - 468?
-1696
In base 7, what is -5 - 254?
-262
In base 15, what is -4 - 1ed525?
-1ed529
In base 15, what is 186 - 12c4?
-113d
In base 5, what is 301 - 12?
234
In base 5, what is -102001 + -23?
-102024
In base 14, what is ad0 - 1d?
ab1
In base 6, what is -3240510 + 4?
-3240502
In base 9, what is 26636 + -10?
26626
In base 15, what is 0 - 150d79?
-150d79
In base 13, what is -4 - -17769?
17765
In base 12, what is -13769 - 18?
-13785
In base 5, what is 30203314 - 3?
30203311
In base 12, what is 411 - 28?
3a5
In base 10, what is 151421 + 0?
151421
In base 8, what is 3 + 331724?
331727
In base 12, what is -b864 - -3a?
-b826
In base 4, what is 3131213 + -103?
3131110
In base 6, what is -435123 - -12?
-435111
In base 13, what is 9 + -5b7?
-5ab
In base 11, what is 6 + -3a7?
-3a1
In base 10, what is -1083 - -135?
-948
In base 7, what is -3 - 34365?
-34401
In base 14, what is 85b5 - 1?
85b4
In base 16, what is 4b4d - -1?
4b4e
In base 14, what is -61 + -2b2?
-333
In base 7, what is 112304 - -111?
112415
In base 12, what is 158175 + -10?
158165
In base 4, what is -10010210220 - -1?
-10010210213
In base 4, what is 120 + 1021020?
1021200
In base 10, what is -1 - -877269?
877268
In base 10, what is -7957 - 9?
-7966
In base 2, what is -10011101000 + -10100101010?
-101000010010
In base 4, what is 3 + 11213212?
11213221
In base 7, what is -6435 - 6?
-6444
In base 12, what is -b9a0 - 100?
-baa0
In base 14, what is -25 - 4531?
-4556
In base 6, what is 34124 + -452?
33232
In base 4, what is -12333202 + -3?
-12333211
In base 5, what is -2122 - -2203?
31
In base 13, what is -10 - -a7342?
a7332
In base 10, what is 8220 + -5?
8215
In base 14, what is 0 + d52?
d52
In base 16, what is -c3 - -198?
d5
In base 7, what is -54 - 200?
-254
In base 12, what is 222 + -28?
1b6
In base 13, what is 1a53475 - 0?
1a53475
In base 14, what is -86c2 + 3?
-86bd
In base 12, what is -18 - -625?
609
In base 10, what is -6362 - 0?
-6362
In base 8, what is -15506 - 31?
-15537
In base 2, what is 1100 - 1011001111110?
-1011001110010
In base 5, what is -4 + -133112431?
-133112440
In base 5, what is 0 - 24402013?
-24402013
In base 5, what is -204340 - -411?
-203424
In base 14, what is 27 + 3c45?
3c6c
In base 4, what is 2120 - 2?
2112
In base 9, what is -46 + 1104?
1047
In base 3, what is 21201120122222 + -11?
21201120122211
In base 4, what is 1010 - 133031?
-132021
In base 2, what is 11101010111 - -10010?
11101101001
In base 12, what is 5 + -12455?
-12450
In base 14, what is 12 + -1452?
-1440
In base 6, what is 0 + 2503004?
2503004
In base 13, what is 204 + 122?
326
In base 7, what is 3 + 1204162?
1204165
In base 11, what is 944 + -111?
833
In base 8, what is 632 + -641?
-7
In base 16, what is -3 + 28e2c?
28e29
In base 16, what is b2a + 11?
b3b
In base 7, what is -35 - 3311?
-3346
In base 7, what is 1440 - 403?
1034
In base 12, what is b752 + -18?
b736
In base 3, what is 1 - 110102100?
-110102022
In base 8, what is -11 + -414441?
-414452
In base 11, what is -1 - -24204?
24203
In base 7, what is 6 + -4403630?
-4403621
In base 2, what is 1001 + -1100010100110?
-1100010011101
In base 9, what is -26465 - -23?
-26442
In base 4, what is -31 - -123311130?
123311033
In base 4, what is 20 + -1230122?
-1230102
In base 16, what is -5 + -a09?
-a0e
In base 4, what is 121011 - 330?
120021
In base 11, what is 1083 - 4?
107a
In base 5, what is 3 - -10202031?
10202034
In base 10, what is 25 - -6919?
6944
In base 14, what is -2b4d + -34?
-2b83
In base 6, what is -23 - -42333?
42310
In base 13, what is -b249b + 7?
-b2494
In base 12, what is -83509 - -4?
-83505
In base 2, what is -1011 + 1000110011001?
1000110001110
In base 11, what is 2036 - -38a?
2415
In base 11, what is -44a21 - 16?
-44a37
In base 15, what i